Select a Year or Month report
2017: Jan Feb Mar Apr May Jun Jul Aug Sep Oct Nov Dec
2016: Jan Feb Mar Apr May Jun Jul Aug Sep Oct Nov Dec

Report for 2017 March
                   Monthly Climatological Summary for Mar 2017

Name: Liberty Weather   City: Youngstown   State: Ohio
Elevation: 1090 ft  Lat: N 41 08 38   Lon: W 080 39 12

                  Temperature (°F), Rain (in), Wind Speed (mph)

                                      Heat  Cool        Avg
    Mean                              Deg   Deg         Wind                 Dom
Day Temp  High   Time   Low    Time   Days  Days  Rain  Speed High   Time    Dir
----------------------------------------------------------------------------------
01  53.8  60.9   14:05  39.3   23:59  11.2   0.0  0.45   6.2  27.0   04:18    SW
02  30.4  39.4   00:00  26.6   23:56  34.6   0.0  0.00   4.7  30.0   01:36   WNW
03  23.3  26.6   00:00  18.0   23:39  41.7   0.0  0.01   2.8  21.0   12:33    NW
04  23.4  30.7   14:33  17.3   05:41  41.6   0.0  0.01   2.0  14.0   09:17   NNW
05  29.8  43.7   16:21  15.5   05:22  35.2   0.0  0.01   2.1  11.0   09:04    SE
06  46.8  57.8   12:32  38.0   00:51  18.2   0.0  0.38   2.9  20.0   14:10     S
07  52.2  57.0   09:22  41.6   23:25  12.8   0.0  0.57   4.9  23.0   10:56   SSW
08  47.3  55.4   15:42  37.2   04:55  17.7   0.0  0.00   5.5  33.0   14:18    SW
09  42.9  50.4   14:40  32.1   23:38  22.1   0.0  0.00   2.9  21.0   01:01    NW
10  27.4  32.2   00:06  19.6   23:57  37.6   0.0  0.01   3.9  25.0   14:10    NW
11  19.2  24.3   15:46  15.4   06:39  45.8   0.0  0.00   4.0  23.0   10:05    NW
12  22.0  29.2   17:16  15.9   01:57  41.2   0.0  0.01   1.9  13.0   12:18    NW
13  25.7  34.3   17:08  17.3   04:44  39.3   0.0  0.00   2.0  12.0   10:48   ENE
14  20.9  26.9   00:00  14.9   23:50  44.1   0.0  0.00   5.0  25.0   11:24   NNW
15  20.6  24.8   17:20  14.9   00:00  44.4   0.0  0.00   5.9  27.0   17:21   WNW
16  28.1  35.0   15:55  22.6   02:44  36.9   0.0  0.00   3.5  22.0   13:41   WNW
17  30.4  42.1   13:14  21.0   07:37  34.6   0.0  0.01   2.0  16.0   15:49     S
18  34.9  39.9   12:16  32.2   00:01  30.1   0.0  0.09   2.3  15.0   18:56   WSW
19  35.4  39.2   15:04  33.4   04:01  29.6   0.0  0.00   1.7  12.0   08:23   NNW
20  40.8  47.6   17:20  33.6   06:34  24.2   0.0  0.01   1.4  11.0   10:26   SSW
21  45.1  56.1   15:37  32.5   23:55  19.9   0.0  0.03   2.9  23.0   21:47    NW
22  28.4  34.5   14:12  21.2   23:56  36.6   0.0  0.00   4.3  22.0   03:57   NNW
23  32.3  47.8   17:58  16.3   06:32  32.7   0.0  0.00   1.5  10.0   14:00    SE
24  56.7  72.8   16:55  37.9   05:17   9.9   1.6  0.15   4.0  22.0   12:31   SSW
25  63.3  70.9   14:25  54.6   23:48   2.3   0.7  0.00   2.4  14.0   09:23   WSW
26  58.4  68.6   13:18  53.5   23:47   6.8   0.2  0.13   3.1  15.0   13:55    SE
27  57.0  64.1   15:13  52.9   03:33   8.0   0.0  0.19   2.2  12.0   14:07    SW
28  49.5  54.1   00:30  42.5   23:57  15.5   0.0  0.30   2.4  15.0   15:37   NNW
29  47.6  59.4   14:37  39.2   07:34  17.4   0.0  0.00   2.5  16.0   18:59     N
30  46.2  50.3   18:26  42.1   12:53  18.8   0.0  0.34   3.2  18.0   16:03   ESE
31  48.2  51.6   14:10  40.4   22:59  16.8   0.0  1.28   2.0  15.0   22:14   ESE
----------------------------------------------------------------------------------
    38.3  72.8    24    14.9    14   827.6   2.5  3.98   3.2  33.0     8       W

Max >=  27.0 27
Max <=   0.0  0
Min <=   0.0  0
Min <= -18.0  0
Max Rain: 1.28 on day 31
Days of Rain: 6 (>= 0.20 in)  0 (>= 2.00 in)  0 (>= 20.00 in)
Heat Base: 65.0  Cool Base: 65.0  Method: Integration

The weather station in use is the Davis Vantage Pro 2, and these pages are updated every minute. The meteorological day used at this station ends at midnight.
Never base any important decisions using the data provided by this weather station website