Select a Year or Month report
2017: Jan Feb Mar Apr May Jun Jul Aug Sep Oct Nov Dec
2016: Jan Feb Mar Apr May Jun Jul Aug Sep Oct Nov Dec

Report for 2017 February
                   Monthly Climatological Summary for Feb 2017

Name: Liberty Weather   City: Youngstown   State: Ohio
Elevation: 1090 ft  Lat: N 41 08 38   Lon: W 080 39 12

                  Temperature (°F), Rain (in), Wind Speed (mph)

                                      Heat  Cool        Avg
    Mean                              Deg   Deg         Wind                 Dom
Day Temp  High   Time   Low    Time   Days  Days  Rain  Speed High   Time    Dir
----------------------------------------------------------------------------------
01  35.4  39.3   14:23  32.3   22:49  29.6   0.0  0.00   2.4  16.0   00:13   WSW
02  28.2  33.3   00:00  22.6   22:42  36.8   0.0  0.00   3.1  16.0   10:04   WNW
03  21.1  24.0   15:46  18.0   04:14  43.9   0.0  0.00   3.0  17.0   18:14   WNW
04  24.1  32.6   13:30  14.9   06:22  40.9   0.0  0.00   2.5  14.0   12:58    SW
05  35.0  43.1   15:51  26.4   01:00  30.0   0.0  0.00   3.1  16.0   12:32   WSW
06  38.7  52.4   16:24  26.3   05:52  26.3   0.0  0.06   1.8  13.0   16:02   SSW
07  51.7  60.4   17:05  41.7   00:18  13.3   0.0  0.82   4.1  22.0   16:55   SSW
08  37.5  55.1   00:00  26.2   23:09  27.6   0.0  0.00   3.6  21.0   06:15   NNW
09  21.5  26.5   00:00  17.6   19:17  43.5   0.0  0.00   4.3  24.0   11:22    NW
10  22.0  30.9   23:19  14.3   07:04  43.0   0.0  0.00   3.2  17.0   14:52   SSW
11  42.6  49.2   15:38  29.1   00:44  22.4   0.0  0.05   1.6  13.0   13:01    SW
12  40.7  43.8   07:13  32.2   22:48  24.3   0.0  0.30   3.8  30.0   21:17    NW
13  31.4  37.4   15:03  27.0   23:03  33.6   0.0  0.00   4.3  33.0   01:12    NW
14  38.2  50.5   15:24  25.8   01:55  26.8   0.0  0.00   3.2  23.0   16:06    SW
15  31.4  40.9   00:00  25.1   23:31  33.6   0.0  0.00   4.4  22.0   13:38   WNW
16  24.3  27.0   15:11  18.0   23:56  40.7   0.0  0.00   2.7  16.0   12:07    NW
17  34.4  48.4   16:33  17.6   00:27  30.6   0.0  0.05   1.4   8.0   11:35   SSE
18  54.6  67.5   15:14  41.2   00:44  10.7   0.3  0.00   3.2  18.0   15:53    SW
19  51.4  63.1   14:37  41.7   23:59  13.6   0.0  0.00   2.2  16.0   12:29     W
20  46.2  59.9   13:57  32.7   07:23  18.8   0.0  0.00   0.7   9.0   12:33   ENE
21  54.4  63.2   14:17  45.8   02:28  10.6   0.0  0.00   1.8  11.0   05:04     S
22  55.6  59.9   15:47  52.2   07:10   9.4   0.0  0.21   1.2   8.0   21:06   SSW
23  59.3  68.2   16:24  54.6   04:33   5.9   0.3  0.06   2.8  16.0   14:37   SSW
24  64.2  75.4   14:56  54.6   05:28   3.7   2.9  0.00   3.6  21.0   10:47   SSW
25  42.9  65.2   00:30  26.9   22:19  22.1   0.0  0.47   3.8  29.0   01:02     W
26  30.9  38.7   16:39  25.1   00:25  34.1   0.0  0.00   3.2  15.0   17:02   WSW
27  39.1  46.6   13:16  30.3   02:31  25.9   0.0  0.00   2.2  14.0   14:25   SSW
28  48.4  57.5   13:48  36.1   06:35  16.6   0.0  0.00   3.2  18.0   17:37     S
----------------------------------------------------------------------------------
    39.5  75.4    24    14.3    10   718.3   3.5  2.02   2.9  33.0    13     WSW

Max >=  27.0 26
Max <=   0.0  0
Min <=   0.0  0
Min <= -18.0  0
Max Rain: 0.82 on day 7
Days of Rain: 4 (>= 0.20 in)  0 (>= 2.00 in)  0 (>= 20.00 in)
Heat Base: 65.0  Cool Base: 65.0  Method: Integration

The weather station in use is the Davis Vantage Pro 2, and these pages are updated every minute. The meteorological day used at this station ends at midnight.
Never base any important decisions using the data provided by this weather station website