Select a Year or Month report
2017: Jan Feb Mar Apr May Jun Jul Aug Sep Oct Nov Dec
2016: Jan Feb Mar Apr May Jun Jul Aug Sep Oct Nov Dec

Report for 2017 January
                   Monthly Climatological Summary for Jan 2017

Name: Liberty Weather   City: Youngstown   State: Ohio
Elevation: 1090 ft  Lat: N 41 08 38   Lon: W 080 39 12

                  Temperature (°F), Rain (in), Wind Speed (mph)

                                      Heat  Cool        Avg
    Mean                              Deg   Deg         Wind                 Dom
Day Temp  High   Time   Low    Time   Days  Days  Rain  Speed High   Time    Dir
----------------------------------------------------------------------------------
01  33.7  42.0   14:10  25.6   07:56  31.3   0.0  0.00   1.1  15.0   00:20    SW
02  40.0  44.3   14:22  31.8   00:00  25.0   0.0  0.00   1.7   7.0   16:37   ESE
03  43.7  45.5   19:49  39.9   23:58  21.2   0.0  0.91   1.7  15.0   22:30    SE
04  29.7  40.5   01:37  19.4   22:54  35.3   0.0  0.05   4.2  28.0   08:10   WNW
05  18.3  20.3   00:07  12.5   23:54  46.7   0.0  0.00   2.6  14.0   00:39   WSW
06  10.3  16.8   14:57   4.1   08:00  54.7   0.0  0.00   1.0   9.0   13:12     W
07  10.0  18.2   13:00   3.1   02:07  55.0   0.0  0.00   2.0  14.0   18:02   WNW
08  11.2  18.0   13:43   8.6   06:45  53.8   0.0  0.00   2.3  18.0   13:11     W
09  18.4  27.1   14:33   7.6   01:41  46.6   0.0  0.00   2.7  15.0   08:35     S
10  34.8  47.8   23:26  25.2   00:09  30.2   0.0  0.41   5.1  29.0   22:27     S
11  45.2  55.9   23:58  35.4   08:32  19.8   0.0  0.18   3.6  26.0   00:13     S
12  50.7  61.8   13:02  33.4   23:36  14.3   0.0  1.45   5.0  23.0   13:07    SW
13  29.2  33.5   00:00  24.7   21:57  35.8   0.0  0.00   2.6  13.0   02:03   NNW
14  29.6  33.7   15:36  24.8   00:00  35.4   0.0  0.00   0.8   7.0   00:21    NE
15  27.4  34.9   14:41  20.8   07:52  37.6   0.0  0.00   0.6   6.0   13:25    SW
16  30.0  37.9   23:58  20.8   06:25  35.0   0.0  0.00   0.6   3.0   05:20   ESE
17  48.1  59.9   13:56  37.7   00:40  16.9   0.0  0.27   1.9  14.0   15:12   SSW
18  39.5  46.9   00:00  37.4   11:11  25.5   0.0  0.05   2.3  16.0   04:11     W
19  37.5  41.4   14:07  32.8   23:38  27.5   0.0  0.00   1.6   9.0   00:49   SSW
20  43.1  53.4   16:26  32.1   00:29  21.9   0.0  0.24   1.4   9.0   08:44    SE
21  51.1  60.8   15:35  39.4   05:19  13.9   0.0  0.10   1.1  12.0   13:49     S
22  52.8  59.1   15:09  46.9   08:13  12.2   0.0  0.10   0.6   7.0   14:58   ENE
23  46.5  52.6   00:05  37.8   23:31  18.5   0.0  0.21   2.1  14.0   11:19     E
24  37.0  38.4   06:08  33.9   08:46  28.0   0.0  0.14   2.7  14.0   08:37    NW
25  42.0  48.9   22:59  36.2   04:39  23.0   0.0  0.01   2.4  15.0   17:05   SSW
26  36.9  47.6   00:00  32.3   23:58  28.1   0.0  0.05   3.7  20.0   15:29     W
27  30.8  32.8   11:34  28.2   19:16  34.2   0.0  0.00   3.1  17.0   09:35   WSW
28  28.2  30.6   14:05  25.3   05:17  36.8   0.0  0.00   3.5  16.0   11:34   WSW
29  27.9  32.0   14:09  25.3   22:49  37.1   0.0  0.00   2.0  17.0   11:28     W
30  24.3  26.3   11:48  22.0   10:53  40.7   0.0  0.00   2.3  17.0   12:49   WNW
31  31.2  37.0   22:29  23.1   01:33  33.8   0.0  0.21   2.9  19.0   21:18    SW
----------------------------------------------------------------------------------
    33.5  61.8    12     3.1     7   975.8   0.0  4.38   2.3  29.0    10      SW

Max >=  27.0 26
Max <=   0.0  0
Min <=   0.0  0
Min <= -18.0  0
Max Rain: 1.45 on day 12
Days of Rain: 7 (>= 0.20 in)  0 (>= 2.00 in)  0 (>= 20.00 in)
Heat Base: 65.0  Cool Base: 65.0  Method: Integration

The weather station in use is the Davis Vantage Pro 2, and these pages are updated every minute. The meteorological day used at this station ends at midnight.
Never base any important decisions using the data provided by this weather station website