Select a Year or Month report
2017: Jan Feb Mar Apr May Jun Jul Aug Sep Oct Nov Dec
2016: Jan Feb Mar Apr May Jun Jul Aug Sep Oct Nov Dec

Report for 2016 December
                   Monthly Climatological Summary for Dec 2016

Name: Liberty Weather   City: Youngstown   State: Ohio
Elevation: 1090 ft  Lat: N 41 08 38   Lon: W 080 39 12

                  Temperature (°F), Rain (in), Wind Speed (mph)

                                      Heat  Cool        Avg
    Mean                              Deg   Deg         Wind                 Dom
Day Temp  High   Time   Low    Time   Days  Days  Rain  Speed High   Time    Dir
----------------------------------------------------------------------------------
01  38.1  41.5   00:00  34.3   08:31  26.9   0.0  0.00   3.1  18.0   08:04    SW
02  37.4  39.5   15:31  35.9   17:35  27.6   0.0  0.03   2.5  14.0   15:19   WSW
03  36.6  38.5   13:57  35.6   03:43  28.4   0.0  0.00   1.9  12.0   00:53   WNW
04  36.4  39.8   15:07  31.7   06:29  28.6   0.0  0.06   1.4  12.0   21:19    SE
05  36.4  40.1   14:06  29.1   23:49  28.6   0.0  0.02   1.8  18.0   05:21   WSW
06  35.4  40.4   22:46  28.1   01:05  29.6   0.0  0.45   2.1  13.0   23:02   ESE
07  35.6  39.7   13:28  32.0   07:50  29.4   0.0  0.00   2.6  16.0   12:29    SW
08  27.3  33.5   00:00  23.4   23:36  37.7   0.0  0.00   3.0  18.0   10:57   WSW
09  25.3  29.0   15:18  23.0   08:10  39.7   0.0  0.00   3.0  16.0   03:31   WSW
10  25.2  28.5   12:50  23.8   07:38  39.8   0.0  0.00   2.8  17.0   12:03   WSW
11  26.2  32.2   23:56  22.7   06:36  38.8   0.0  0.00   2.3  12.0   21:44   SSE
12  33.7  36.8   10:18  28.8   23:43  31.3   0.0  0.28   2.8  17.0   13:07   WSW
13  27.3  30.1   12:09  22.2   06:57  37.7   0.0  0.00   1.3  10.0   21:46    SW
14  20.6  26.9   00:00  14.7   08:13  44.4   0.0  0.03   2.9  18.0   23:58    SW
15  11.9  17.4   00:00   7.6   23:52  53.1   0.0  0.00   3.3  18.0   02:22     W
16  12.4  20.0   23:58   6.4   01:27  52.6   0.0  0.00   2.0   9.0   13:42     S
17  33.2  46.8   19:03  20.0   00:00  31.8   0.0  0.88   1.9  12.0   04:41   SSE
18  26.1  37.0   00:02  16.6   21:47  38.9   0.0  0.27   3.0  15.0   03:41    NW
19  18.0  27.1   13:59  12.0   07:57  47.0   0.0  0.01   0.8  10.0   14:07   WSW
20  23.4  33.8   14:35  10.1   04:57  41.6   0.0  0.00   2.4  17.0   15:17   SSW
21  31.5  36.4   12:47  25.3   06:12  33.5   0.0  0.00   2.3  12.0   08:21   SSW
22  35.8  38.3   01:46  33.7   23:24  29.2   0.0  0.00   2.5  17.0   14:45     W
23  34.2  36.8   14:52  30.9   07:24  30.8   0.0  0.02   2.3   9.0   03:46     S
24  38.0  42.4   03:42  34.0   23:52  27.0   0.0  0.04   1.9  13.0   04:59   WSW
25  33.5  34.3   18:09  32.6   22:56  31.5   0.0  0.00   1.2   9.0   10:19   ESE
26  49.8  63.8   21:43  34.1   00:00  15.2   0.0  0.23   4.1  28.0   22:10     S
27  37.8  51.5   00:00  32.5   18:28  27.2   0.0  0.02   2.7  22.0   00:00     W
28  33.5  40.7   15:04  30.1   09:04  31.5   0.0  0.00   2.1  14.0   02:36     W
29  34.2  37.7   15:52  29.6   23:46  30.8   0.0  0.06   2.4  20.0   20:04   WSW
30  28.1  29.6   00:00  25.8   23:28  36.9   0.0  0.01   2.7  17.0   12:00     W
31  33.9  42.3   15:09  24.6   03:47  31.1   0.0  0.09   4.8  23.0   15:17   SSW
----------------------------------------------------------------------------------
    30.9  63.8    26     6.4    16  1058.2   0.0  2.50   2.4  28.0    26      SW

Max >=  27.0 28
Max <=   0.0  0
Min <=   0.0  0
Min <= -18.0  0
Max Rain: 0.88 on day 17
Days of Rain: 5 (>= 0.20 in)  0 (>= 2.00 in)  0 (>= 20.00 in)
Heat Base: 65.0  Cool Base: 65.0  Method: Integration

The weather station in use is the Davis Vantage Pro 2, and these pages are updated every minute. The meteorological day used at this station ends at midnight.
Never base any important decisions using the data provided by this weather station website