Select a Year or Month report
2017: Jan Feb Mar Apr May Jun Jul Aug Sep Oct Nov Dec
2016: Jan Feb Mar Apr May Jun Jul Aug Sep Oct Nov Dec

Report for 2016 November
                   Monthly Climatological Summary for Nov 2016

Name: Liberty Weather   City: Youngstown   State: Ohio
Elevation: 1090 ft  Lat: N 41 08 38   Lon: W 080 39 12

                  Temperature (°F), Rain (in), Wind Speed (mph)

                                      Heat  Cool        Avg
    Mean                              Deg   Deg         Wind                 Dom
Day Temp  High   Time   Low    Time   Days  Days  Rain  Speed High   Time    Dir
----------------------------------------------------------------------------------
01  55.9  74.7   16:56  39.4   02:01  11.0   1.9  0.00   1.3  12.0   14:59     S
02  66.7  75.3   13:51  58.6   08:30   1.5   3.2  0.00   1.2  10.0   12:55     S
03  59.6  68.2   02:01  49.1   23:59   5.7   0.3  0.08   2.3  14.0   12:46   WNW
04  47.1  55.4   14:37  38.7   23:35  17.9   0.0  0.00   1.5  14.0   12:05   NNW
05  47.5  62.9   14:40  34.4   07:09  17.5   0.0  0.00   0.7  11.0   14:23    SW
06  50.3  64.9   13:16  40.5   07:22  15.4   0.0  0.00   0.4   7.0   12:34     N
07  50.7  68.3   13:41  35.7   07:31  14.7   0.4  0.00   0.8   8.0   10:59     S
08  52.1  67.2   13:15  38.4   05:23  13.0   0.1  0.19   1.0  14.0   18:18    SW
09  45.5  52.3   00:00  36.9   23:59  19.5   0.0  0.11   2.8  20.0   08:35    NW
10  46.5  59.4   14:14  33.2   06:45  18.5   0.0  0.00   1.8  15.0   12:41   SSW
11  44.8  52.8   10:17  35.5   23:57  20.2   0.0  0.00   2.8  23.0   09:53   NNW
12  37.9  49.1   13:37  28.0   07:26  27.1   0.0  0.00   0.8  10.0   00:54   WNW
13  41.8  58.1   13:47  28.8   05:59  23.2   0.0  0.00   1.2  10.0   12:08   SSW
14  42.8  56.9   13:55  29.8   07:25  22.2   0.0  0.00   1.2  11.0   11:34     S
15  45.6  60.3   14:11  31.2   06:26  19.4   0.0  0.00   0.8  12.0   14:26   SSW
16  47.2  52.0   13:36  38.4   23:58  17.8   0.0  0.00   0.8  11.0   15:54   WNW
17  44.0  58.1   14:16  31.9   05:10  21.0   0.0  0.00   1.0   9.0   13:33   SSE
18  56.0  72.3   15:12  39.2   07:34  10.2   1.2  0.00   2.2  13.0   13:52   SSE
19  43.1  58.4   05:49  30.7   22:25  21.9   0.0  0.17   3.0  22.0   19:56   WSW
20  30.8  33.2   12:01  29.6   05:29  34.2   0.0  0.00   4.0  23.0   23:45   WNW
21  30.8  33.5   14:34  28.6   05:53  34.2   0.0  0.00   4.7  22.0   11:09   WNW
22  31.5  38.6   14:08  26.0   06:02  33.5   0.0  0.06   1.6  16.0   01:18    NW
23  33.4  40.5   13:51  23.5   07:37  31.6   0.0  0.05   0.8  10.0   09:50   ESE
24  44.3  47.8   13:36  37.8   03:55  20.7   0.0  0.14   1.6   9.0   14:00    SW
25  42.1  47.0   00:00  36.4   23:59  22.9   0.0  0.02   1.2   9.0   12:18     W
26  38.1  41.7   14:51  36.2   00:27  26.9   0.0  0.01   1.8  13.0   14:00     W
27  38.6  45.8   14:23  32.8   23:29  26.4   0.0  0.00   1.5  11.0   12:39   SSW
28  41.5  50.1   20:33  30.6   04:05  23.5   0.0  0.04   1.8  10.0   21:38    SE
29  51.8  61.0   14:56  41.9   00:38  13.2   0.0  0.08   2.9  17.0   03:06     S
30  52.1  55.7   03:51  41.4   23:59  12.9   0.0  0.49   2.5  23.0   20:12     S
----------------------------------------------------------------------------------
    45.3  75.3     2    23.5    23   597.7   7.1  1.44   1.7  23.0    11     WSW

Max >=  27.0 30
Max <=   0.0  0
Min <=   0.0  0
Min <= -18.0  0
Max Rain: 0.49 on day 30
Days of Rain: 1 (>= 0.20 in)  0 (>= 2.00 in)  0 (>= 20.00 in)
Heat Base: 65.0  Cool Base: 65.0  Method: Integration

The weather station in use is the Davis Vantage Pro 2, and these pages are updated every minute. The meteorological day used at this station ends at midnight.
Never base any important decisions using the data provided by this weather station website