Select a Year or Month report
2017: Jan Feb Mar Apr May Jun Jul Aug Sep Oct Nov Dec
2016: Jan Feb Mar Apr May Jun Jul Aug Sep Oct Nov Dec

Report for 2016 October
                   Monthly Climatological Summary for Oct 2016

Name: Liberty Weather   City: Youngstown   State: Ohio
Elevation: 1090 ft  Lat: N 41 14 35   Lon: W 080 59 35

                  Temperature (°F), Rain (in), Wind Speed (mph)

                                      Heat  Cool        Avg
    Mean                              Deg   Deg         Wind                 Dom
Day Temp  High   Time   Low    Time   Days  Days  Rain  Speed High   Time    Dir
----------------------------------------------------------------------------------
01  59.9  66.4   16:54  56.3   01:17   5.1   0.1  0.13   0.5   7.0   03:07   SSW
02  59.7  65.5   13:04  53.2   23:51   5.3   0.0  0.01   1.1   9.0   12:28   SSW
03  58.3  69.9   13:57  49.5   06:05   7.5   0.8  0.00   0.5   7.0   13:49   NNW
04  59.3  71.4   14:21  49.5   07:51   6.8   1.1  0.00   0.6   7.0   11:29   WSW
05  61.8  72.9   14:40  53.9   07:30   4.9   1.8  0.00   1.2  10.0   11:00   SSW
06  62.1  76.0   14:40  52.0   04:16   5.4   2.5  0.00   0.6   8.0   10:16   SSW
07  64.1  77.7   14:37  50.4   07:53   4.7   3.7  0.00   1.7  13.0   21:37   SSW
08  58.8  64.5   00:00  46.5   23:15   6.2   0.0  0.00   2.4  17.0   12:39    NW
09  50.6  60.7   13:33  42.3   07:35  14.4   0.0  0.00   2.4  19.0   14:39   NNW
10  48.4  60.1   13:58  38.2   07:51  16.6   0.0  0.00   0.8   8.0   12:57    NW
11  50.2  63.8   14:51  37.6   07:45  14.8   0.0  0.00   0.6   9.0   11:27   SSW
12  59.5  74.6   13:59  45.2   05:47   7.8   2.3  0.00   1.7  14.0   15:34     S
13  53.9  64.1   03:51  40.0   23:47  11.1   0.0  0.03   2.2  16.0   09:12    NW
14  45.8  58.9   14:13  33.9   07:58  19.2   0.0  0.00   0.6   9.0   12:07    SW
15  56.0  74.4   15:55  37.8   05:11  11.3   2.3  0.00   1.5  12.0   14:21   SSW
16  67.1  76.8   15:06  58.5   07:19   1.3   3.4  0.00   1.4  12.0   12:19     S
17  69.1  78.6   13:54  61.6   07:22   0.9   5.0  0.05   2.1  16.0   14:08     S
18  71.1  77.4   17:09  64.1   07:28   0.0   6.2  0.03   3.1  25.0   12:16   SSW
19  64.4  72.5   13:49  57.6   08:23   2.3   1.7  0.01   1.1  10.0   04:04   NNW
20  58.5  66.0   14:07  54.6   23:58   6.5   0.0  1.59   1.5  10.0   05:12   NNW
21  51.1  54.7   00:00  45.8   23:55  13.9   0.0  0.86   3.6  17.0   01:49   NNW
22  44.2  48.7   13:00  40.1   23:53  20.8   0.0  0.05   3.1  21.0   12:48    NW
23  53.5  63.6   16:29  39.7   01:29  11.5   0.0  0.00   1.7  15.0   14:59     S
24  50.4  62.1   00:45  45.4   21:50  14.6   0.0  0.00   2.8  24.0   11:44    NW
25  45.3  52.6   13:06  39.6   23:55  19.7   0.0  0.00   1.6  12.0   16:35   NNW
26  39.2  44.4   23:53  31.0   07:49  25.8   0.0  0.00   0.6   8.0   11:35     W
27  47.1  56.4   11:57  41.7   01:33  17.9   0.0  0.55   2.0  16.0   16:23    SW
28  45.7  53.9   14:20  39.1   08:27  19.3   0.0  0.03   1.0   9.0   14:00   WSW
29  61.2  73.4   17:02  45.8   03:17   6.6   2.8  0.00   1.8  16.0   10:18     S
30  56.7  67.3   00:00  45.7   23:57   8.5   0.2  0.09   2.0  16.0   18:17   NNW
31  43.9  52.3   14:52  34.9   07:26  21.1   0.0  0.00   0.7   9.0   00:23   WSW
----------------------------------------------------------------------------------
    55.4  78.6    17    31.0    26   331.8  33.9  3.43   1.6  25.0    18       W

Max >=  27.0 31
Max <=   0.0  0
Min <=   0.0  0
Min <= -18.0  0
Max Rain: 1.59 on day 20
Days of Rain: 3 (>= 0.20 in)  0 (>= 2.00 in)  0 (>= 20.00 in)
Heat Base: 65.0  Cool Base: 65.0  Method: Integration

The weather station in use is the Davis Vantage Pro 2, and these pages are updated every minute. The meteorological day used at this station ends at midnight.
Never base any important decisions using the data provided by this weather station website