Select a Year or Month report
2017: Jan Feb Mar Apr May Jun Jul Aug Sep Oct Nov Dec
2016: Jan Feb Mar Apr May Jun Jul Aug Sep Oct Nov Dec

Report for 2016 September
                   Monthly Climatological Summary for Sep 2016

Name: Liberty Weather   City: Youngstown   State: Ohio
Elevation: 1090 ft  Lat: N 41 14 35   Lon: W 080 59 35

                  Temperature (°F), Rain (in), Wind Speed (mph)

                                      Heat  Cool        Avg
    Mean                              Deg   Deg         Wind                 Dom
Day Temp  High   Time   Low    Time   Days  Days  Rain  Speed High   Time    Dir
----------------------------------------------------------------------------------
01  65.9  74.7   13:26  58.8   23:57   0.0   1.0  0.01   2.3  16.0   16:16   NNW
02  64.4  75.8   14:52  55.3   06:56   0.0   0.0  0.00   1.7  14.0   18:43   NNW
03  64.8  77.9   14:36  53.6   07:14   0.0   0.0  0.76   1.0  11.0   12:00   NNW
04  66.9  81.3   14:19  54.1   07:10   0.0   2.0  0.00   0.5   7.0   15:43     W
05  69.7  85.0   14:27  56.2   07:16   0.0   4.7  0.00   0.6  11.0   15:32   WNW
06  74.3  88.8   14:38  61.2   05:57   0.0   9.7  0.00   0.7  13.0   15:06   NNW
07  78.5  87.8   15:15  70.1   06:07   0.0  13.5  0.00   1.1  10.0   10:07    SW
08  78.3  87.4   12:56  72.8   22:53   0.0  13.3  0.66   2.0  18.0   17:09     S
09  75.6  83.1   15:48  70.3   23:34   0.0  10.6  0.01   0.7   5.0   10:02    NW
10  75.8  87.3   16:10  66.6   23:57   0.0  10.8  1.03   2.7  22.0   16:35     S
11  64.8  73.6   13:41  56.4   23:57   0.2   0.0  0.02   1.7  13.0   11:02   NNW
12  63.7  77.0   13:59  52.0   06:02   1.3   0.0  0.00   0.6   9.0   14:08   SSW
13  67.7  81.0   14:32  54.8   07:16   0.0   2.7  0.00   0.8  11.0   14:26     S
14  63.6  70.0   11:57  58.0   07:09   2.3   0.0  0.17   1.0   9.0   17:40     N
15  61.0  72.9   14:33  51.2   07:14   4.0   0.0  0.00   0.9  10.0   11:44   NNW
16  65.3  80.5   14:33  50.4   05:59   0.0   0.3  0.00   0.9   9.0   14:35   SSW
17  70.6  81.2   15:28  64.9   02:22   0.0   7.5  0.46   1.8  14.0   12:42   SSW
18  70.4  78.2   16:11  66.8   23:58   0.0   7.3  0.01   0.9  10.0   13:32   SSW
19  70.4  81.2   14:42  64.5   23:56   0.0   7.3  0.00   0.6   7.0   16:25     N
20  70.0  85.2   13:43  57.6   07:47   0.0   7.0  0.00   0.6   7.0   12:33    NW
21  68.8  83.0   14:07  58.0   07:22   0.0   5.0  0.00   0.7   9.0   15:05   WNW
22  70.2  85.6   13:59  58.0   07:00   1.9   7.1  0.00   0.5   7.0   12:27   SSW
23  72.7  87.9   14:23  62.8   05:00   0.4   8.0  0.00   1.2  10.0   15:18   NNW
24  63.4  71.4   14:10  53.7   23:57   2.6   1.0  0.00   2.3  13.0   09:53     N
25  58.9  73.1   14:08  46.7   07:32   7.8   1.6  0.00   0.6   8.0   13:48   WNW
26  58.9  68.8   11:05  52.8   05:47   6.3   0.1  0.08   0.7   9.0   12:05   SSW
27  59.5  71.0   16:33  49.8   07:12   5.9   1.2  0.00   2.4  17.0   16:47     S
28  60.3  73.1   14:54  49.2   05:58   6.3   1.7  0.26   1.0  12.0   14:52   SSW
29  60.8  65.0   16:39  57.6   23:55   4.1   0.0  1.12   1.0  10.0   11:37   WSW
30  58.0  61.9   14:13  55.5   08:02   6.9   0.0  0.57   1.4  17.0   11:54    SW
----------------------------------------------------------------------------------
    67.1  88.8     6    46.7    25    50.0 123.4  5.16   1.2  22.0    10       W

Max >=  27.0 30
Max <=   0.0  0
Min <=   0.0  0
Min <= -18.0  0
Max Rain: 1.12 on day 29
Days of Rain: 7 (>= 0.20 in)  0 (>= 2.00 in)  0 (>= 20.00 in)
Heat Base: 65.0  Cool Base: 65.0  Method: Integration

The weather station in use is the Davis Vantage Pro 2, and these pages are updated every minute. The meteorological day used at this station ends at midnight.
Never base any important decisions using the data provided by this weather station website