Select a Year or Month report
2017: Jan Feb Mar Apr May Jun Jul Aug Sep Oct Nov Dec
2016: Jan Feb Mar Apr May Jun Jul Aug Sep Oct Nov Dec

Report for 2017 June
                   Monthly Climatological Summary for Jun 2017

Name: Liberty Weather   City: Youngstown   State: Ohio
Elevation: 1090 ft  Lat: N 41 08 38   Lon: W 080 39 12

                  Temperature (°F), Rain (in), Wind Speed (mph)

                                      Heat  Cool        Avg
    Mean                              Deg   Deg         Wind                 Dom
Day Temp  High   Time   Low    Time   Days  Days  Rain  Speed High   Time    Dir
----------------------------------------------------------------------------------
01  62.5  73.9   14:12  50.3   06:14   4.9   2.3  0.00   1.7  15.0   13:26    NW
02  62.6  73.9   17:29  49.3   06:27   5.0   2.6  0.00   1.5  21.0   12:05   NNW
03  68.0  78.9   15:14  57.7   01:12   1.7   4.7  0.00   1.3  10.0   10:47   NNW
04  66.9  74.1   16:43  60.3   02:04   0.8   2.7  0.33   1.4  10.0   15:22   SSW
05  66.6  75.3   15:22  58.1   23:00   1.1   2.7  0.11   2.6  17.0   16:56    NW
06  58.8  63.7   12:29  53.6   06:06   6.2   0.0  0.00   3.2  17.0   13:17    NW
07  56.9  62.3   17:55  51.4   06:22   8.1   0.0  0.00   1.8  12.0   01:28     N
08  59.8  69.2   17:38  49.3   04:15   6.3   1.1  0.00   0.6  10.0   19:25   NNW
09  64.2  79.2   13:37  49.0   05:45   4.7   4.0  0.01   1.0  14.0   13:38   WSW
10  73.7  83.3   15:12  65.0   05:31   0.0   8.7  0.00   2.7  13.0   09:27   SSW
11  76.6  86.3   15:01  65.6   06:16   0.0  11.6  0.00   2.3  15.0   16:29   SSW
12  79.5  87.6   14:35  70.2   06:38   0.0  14.5  0.00   2.1  14.0   15:09   SSW
13  80.1  92.0   14:02  72.7   23:59   0.0  15.1  0.04   1.5  11.0   13:43    SW
14  75.4  89.0   14:52  65.5   05:41   0.0  10.4  0.03   0.6   8.0   20:11    NW
15  74.6  82.9   13:22  69.4   23:55   0.0   9.6  0.71   1.2  12.0   14:01   SSW
16  76.7  88.5   15:42  66.5   03:48   0.0  11.7  0.00   1.3   9.0   08:53   WNW
17  76.9  86.0   14:46  65.4   06:16   0.0  11.9  0.00   1.7  12.0   14:25   SSW
18  75.6  85.8   14:06  67.4   23:54   0.0  10.6  1.71   3.0  21.0   14:34   SSW
19  68.8  78.5   15:41  60.7   23:48   0.6   4.4  0.44   1.4  14.0   19:13   SSW
20  67.4  76.7   15:33  57.9   04:59   2.0   4.4  0.03   1.9  20.0   23:40   SSW
21  66.9  78.5   14:24  57.8   06:02   2.3   4.3  0.00   1.2  11.0   15:08   NNW
22  72.6  83.7   14:52  58.8   05:55   1.6   9.2  0.00   1.7  12.0   16:58   SSW
23  70.9  75.2   00:00  68.4   23:48   0.0   5.9  0.78   2.3  13.0   00:17   SSW
24  69.9  78.6   14:37  61.3   23:57   0.5   5.4  0.12   1.5  16.0   14:06   WNW
25  65.3  75.2   14:46  57.0   06:27   2.6   2.9  0.01   1.6  16.0   15:51    SW
26  61.9  70.7   14:40  52.4   06:24   4.4   1.3  0.00   1.4  13.0   15:46   SSW
27  59.7  68.2   15:14  54.0   03:01   5.6   0.3  0.00   1.7  14.0   13:28    NW
----------------------------------------------------------------------------------
    68.8  92.0    13    49.0     9    58.4 162.3  4.32   1.7  21.0     2     WSW

Max >=  27.0 27
Max <=   0.0  0
Min <=   0.0  0
Min <= -18.0  0
Max Rain: 1.71 on day 18
Days of Rain: 5 (>= 0.20 in)  0 (>= 2.00 in)  0 (>= 20.00 in)
Heat Base: 65.0  Cool Base: 65.0  Method: Integration

The weather station in use is the Davis Vantage Pro 2, and these pages are updated every minute. The meteorological day used at this station ends at midnight.
Never base any important decisions using the data provided by this weather station website